{"id":88,"date":"2023-04-26T16:05:42","date_gmt":"2023-04-26T14:05:42","guid":{"rendered":"https:\/\/depold.cz\/?page_id=88"},"modified":"2023-08-22T08:33:06","modified_gmt":"2023-08-22T06:33:06","slug":"prehled-akci","status":"publish","type":"page","link":"https:\/\/depold.cz\/index.php\/prehled-akci\/","title":{"rendered":"P\u0159ehled akc\u00ed"},"content":{"rendered":"\n<p><strong>Akce pl\u00e1novan\u00e9 v roce 2023: <\/strong><\/p>\n\n\n\n<div class=\"wp-block-group\"><div class=\"wp-block-group__inner-container is-layout-constrained wp-block-group-is-layout-constrained\">\n<div class=\"wp-block-columns is-layout-flex wp-container-core-columns-is-layout-9d6595d7 wp-block-columns-is-layout-flex\">\n<div class=\"wp-block-column is-layout-flow wp-block-column-is-layout-flow\" style=\"flex-basis:100%\">\n<figure class=\"wp-block-table is-style-stripes\"><table><tbody><tr><td>1. 5. <\/td><td>13-19h<\/td><td><a href=\"http:\/\/depold.cz\/wp-content\/uploads\/2023\/04\/Pozvanka-na-Daviduv-stanek-na-zamku-Depold-2023.pdf\" data-type=\"URL\" data-id=\"http:\/\/depold.cz\/wp-content\/uploads\/2023\/04\/Pozvanka-na-Daviduv-stanek-na-zamku-Depold-2023.pdf\">David\u016fv st\u00e1nek <\/a>(k\u0159es\u0165ansk\u00e9 setk\u00e1n\u00ed) *<\/td><\/tr><tr><td>20. &#8211; 21. 5.<\/td><td><\/td><td>Z\u00e1pado\u010desk\u00e1 monarchistick\u00e1 konference *<\/td><\/tr><tr><td>16. &#8211; 18. 6.<\/td><td><\/td><td>Brig\u00e1da Singles a p\u0159\u00e1tel *<\/td><\/tr><tr><td>20. 6.<\/td><td>18:00<\/td><td>Koncert ZU\u0160 Doma\u017elice<\/td><\/tr><tr><td>24. 6. <\/td><td>7:30<\/td><td>Tour de Depold (Praha-Kanice na kole)*<\/td><\/tr><tr><td>2. 7. <\/td><td>16:00<\/td><td>Prohl\u00eddka p\u0159i p\u0159\u00edle\u017eitosti pouti v Kanic\u00edch <\/td><\/tr><tr><td>14. &#8211; 19. 7.<\/td><td><\/td><td>Ml\u00e1de\u017enick\u00fd pobyt (14-26 let) *<\/td><\/tr><tr><td>7. &#8211; 12. 8.<\/td><td><\/td><td><a href=\"https:\/\/depold.cz\/index.php\/2023\/02\/26\/tabor-po-stopach-kmene-algonkinu\/\" data-type=\"URL\" data-id=\"https:\/\/depold.cz\/index.php\/2023\/02\/26\/tabor-po-stopach-kmene-algonkinu\/\">Po stop\u00e1ch kmene Algonkin\u016f<\/a> (k\u0159es\u0165ansk\u00fd t\u00e1bor pro d\u011bti) *<\/td><\/tr><tr><td>12. 8. <\/td><td>15:00<\/td><td>Prohl\u00eddka p\u0159i p\u0159\u00edle\u017eitosti Chodsk\u00fdch slavnost\u00ed<\/td><\/tr><tr><td>19. 8. <\/td><td>18:18<\/td><td><a href=\"https:\/\/depold.cz\/wp-content\/uploads\/2023\/08\/Pozvanka-na-ochutnavku-vina-Chateau-Depold-2023.pdf\" data-type=\"attachment\" data-id=\"154\">Ochutn\u00e1vka chilsk\u00fdch v\u00edn s ve\u010de\u0159\u00ed Chateau Depold<\/a> *<\/td><\/tr><tr><td>20. 8.<\/td><td>10:00<\/td><td>Ekumenick\u00e1 bohoslu\u017eba na z\u00e1mku<\/td><\/tr><tr><td>26. 8. <\/td><td><\/td><td><a href=\"https:\/\/depold.cz\/wp-content\/uploads\/2023\/08\/Tour-de-Chateau-2023.pdf\" data-type=\"attachment\" data-id=\"155\">Tour de Chateau (na kole po pam\u00e1tk\u00e1ch v okol\u00ed)<\/a>*<\/td><\/tr><tr><td>6. 9. <\/td><td>17:00<\/td><td><a href=\"https:\/\/depold.cz\/wp-content\/uploads\/2023\/08\/cad_kanice.png\" data-type=\"attachment\" data-id=\"150\">Cestopisn\u00e1 p\u0159edn\u00e1\u0161ka o \u010cadu<\/a> <\/td><\/tr><tr><td>8. &#8211; 10. 9. <\/td><td><\/td><td><a href=\"https:\/\/depold.cz\/index.php\/2023\/08\/22\/cesko-nemecke-dny-2023\/\">\u010cesko-n\u011bmeck\u00e9 dny<\/a><\/td><\/tr><tr><td>10. 9. <\/td><td>10:00<\/td><td><a href=\"https:\/\/depold.cz\/index.php\/2023\/08\/22\/cesko-nemecke-dny-2023\/\">Ekumenick\u00e1 bohoslu\u017eba na z\u00e1mku<\/a><\/td><\/tr><tr><td>24. 12. <\/td><td><\/td><td>\u0160t\u011bdrodenn\u00ed zp\u00edv\u00e1n\u00ed<\/td><\/tr><\/tbody><\/table><\/figure>\n<\/div>\n<\/div>\n<\/div><\/div>\n\n\n\n<p>* na akci je t\u0159eba se p\u0159ihl\u00e1sit<\/p>\n\n\n\n<p><strong>Podrobnosti o vybran\u00fdch akc\u00edch <a href=\"https:\/\/depold.cz\/index.php\/category\/akce\/\" data-type=\"URL\" data-id=\"https:\/\/depold.cz\/index.php\/category\/akce\/\">najdete zde<\/a>. <\/strong><\/p>\n","protected":false},"excerpt":{"rendered":"<p>Akce pl\u00e1novan\u00e9 v roce 2023: 1. 5. 13-19h David\u016fv st\u00e1nek (k\u0159es\u0165ansk\u00e9 setk\u00e1n\u00ed) * 20. &#8211; 21. 5. Z\u00e1pado\u010desk\u00e1 monarchistick\u00e1 konference * 16. &#8211; 18. 6. Brig\u00e1da Singles a p\u0159\u00e1tel * 20. 6. 18:00 Koncert ZU\u0160 Doma\u017elice 24. 6. 7:30 Tour de Depold (Praha-Kanice na kole)* 2. 7. 16:00 Prohl\u00eddka p\u0159i [&hellip;]<\/p>\n","protected":false},"author":2,"featured_media":0,"parent":0,"menu_order":0,"comment_status":"closed","ping_status":"closed","template":"","meta":{"footnotes":""},"class_list":["post-88","page","type-page","status-publish","hentry"],"_links":{"self":[{"href":"https:\/\/depold.cz\/index.php\/wp-json\/wp\/v2\/pages\/88","targetHints":{"allow":["GET"]}}],"collection":[{"href":"https:\/\/depold.cz\/index.php\/wp-json\/wp\/v2\/pages"}],"about":[{"href":"https:\/\/depold.cz\/index.php\/wp-json\/wp\/v2\/types\/page"}],"author":[{"embeddable":true,"href":"https:\/\/depold.cz\/index.php\/wp-json\/wp\/v2\/users\/2"}],"replies":[{"embeddable":true,"href":"https:\/\/depold.cz\/index.php\/wp-json\/wp\/v2\/comments?post=88"}],"version-history":[{"count":9,"href":"https:\/\/depold.cz\/index.php\/wp-json\/wp\/v2\/pages\/88\/revisions"}],"predecessor-version":[{"id":163,"href":"https:\/\/depold.cz\/index.php\/wp-json\/wp\/v2\/pages\/88\/revisions\/163"}],"wp:attachment":[{"href":"https:\/\/depold.cz\/index.php\/wp-json\/wp\/v2\/media?parent=88"}],"curies":[{"name":"wp","href":"https:\/\/api.w.org\/{rel}","templated":true}]}}

Přehled akcí

<p><strong>Akce plánované v roce 2023: </strong></p>



<div class="wp-block-group"><div class="wp-block-group__inner-container is-layout-constrained wp-block-group-is-layout-constrained">
<div class="wp-block-columns is-layout-flex wp-container-core-columns-is-layout-9d6595d7 wp-block-columns-is-layout-flex">
<div class="wp-block-column is-layout-flow wp-block-column-is-layout-flow" style="flex-basis:100%">
<figure class="wp-block-table is-style-stripes"><table><tbody><tr><td>1. 5. </td><td>13-19h</td><td><a href="http://depold.cz/wp-content/uploads/2023/04/Pozvanka-na-Daviduv-stanek-na-zamku-Depold-2023.pdf" data-type="URL" data-id="http://depold.cz/wp-content/uploads/2023/04/Pozvanka-na-Daviduv-stanek-na-zamku-Depold-2023.pdf">Davidův stánek </a>(křesťanské setkání) *</td></tr><tr><td>20. &#8211; 21. 5.</td><td></td><td>Západočeská monarchistická konference *</td></tr><tr><td>16. &#8211; 18. 6.</td><td></td><td>Brigáda Singles a přátel *</td></tr><tr><td>20. 6.</td><td>18:00</td><td>Koncert ZUŠ Domažlice</td></tr><tr><td>24. 6. </td><td>7:30</td><td>Tour de Depold (Praha-Kanice na kole)*</td></tr><tr><td>2. 7. </td><td>16:00</td><td>Prohlídka při příležitosti pouti v Kanicích </td></tr><tr><td>14. &#8211; 19. 7.</td><td></td><td>Mládežnický pobyt (14-26 let) *</td></tr><tr><td>7. &#8211; 12. 8.</td><td></td><td><a href="https://depold.cz/index.php/2023/02/26/tabor-po-stopach-kmene-algonkinu/" data-type="URL" data-id="https://depold.cz/index.php/2023/02/26/tabor-po-stopach-kmene-algonkinu/">Po stopách kmene Algonkinů</a> (křesťanský tábor pro děti) *</td></tr><tr><td>12. 8. </td><td>15:00</td><td>Prohlídka při příležitosti Chodských slavností</td></tr><tr><td>19. 8. </td><td>18:18</td><td><a href="https://depold.cz/wp-content/uploads/2023/08/Pozvanka-na-ochutnavku-vina-Chateau-Depold-2023.pdf" data-type="attachment" data-id="154">Ochutnávka chilských vín s večeří Chateau Depold</a> *</td></tr><tr><td>20. 8.</td><td>10:00</td><td>Ekumenická bohoslužba na zámku</td></tr><tr><td>26. 8. </td><td></td><td><a href="https://depold.cz/wp-content/uploads/2023/08/Tour-de-Chateau-2023.pdf" data-type="attachment" data-id="155">Tour de Chateau (na kole po památkách v okolí)</a>*</td></tr><tr><td>6. 9. </td><td>17:00</td><td><a href="https://depold.cz/wp-content/uploads/2023/08/cad_kanice.png" data-type="attachment" data-id="150">Cestopisná přednáška o Čadu</a> </td></tr><tr><td>8. &#8211; 10. 9. </td><td></td><td><a href="https://depold.cz/index.php/2023/08/22/cesko-nemecke-dny-2023/">Česko-německé dny</a></td></tr><tr><td>10. 9. </td><td>10:00</td><td><a href="https://depold.cz/index.php/2023/08/22/cesko-nemecke-dny-2023/">Ekumenická bohoslužba na zámku</a></td></tr><tr><td>24. 12. </td><td></td><td>Štědrodenní zpívání</td></tr></tbody></table></figure>
</div>
</div>
</div></div>



<p>* na akci je třeba se přihlásit</p>



<p><strong>Podrobnosti o vybraných akcích <a href="https://depold.cz/index.php/category/akce/" data-type="URL" data-id="https://depold.cz/index.php/category/akce/">najdete zde</a>. </strong></p>

<p>Akce plánované v roce 2023: 1. 5. 13-19h Davidův stánek (křesťanské setkání) * 20. &#8211; 21. 5. Západočeská monarchistická konference * 16. &#8211; 18. 6. Brigáda Singles a přátel * 20. 6. 18:00 Koncert ZUŠ Domažlice 24. 6. 7:30 Tour de Depold (Praha-Kanice na kole)* 2. 7. 16:00 Prohlídka při [&hellip;]</p>
